 = -r**2 - 2*r - 2. Let w(i) = 5*m(i) + 2*n(i). Determine w(a).
1
Let a(w) = 951 + 951 - w + 3*w - 1903 - 4*w**2 - w. Suppose 3*z + 3*b = 12, -z + 6*z + 2*b - 11 = 0. Give a(z).
-4
Let b(i) = -2*i - 17. Let k be b(-12). Let r(x) = -x**2 + 9*x - 17. Determine r(k).
-3
Suppose v - 8 = 3*v. Let o be (-66)/(-54) + v/18. Let l(c) = o + 2*c + c - 2*c - 4*c. Determine l(-1).
4
Let t(k) = -10*k**2 + 14*k + 22. Let a(b) = -13*b**2 + 13*b + 23. Let s(h) = -3*a(h) + 4*t(h). What is s(18)?
1
Let m(n) = n - 3. Let z be m(6). Let b(q) = q**3 - 10*q**2 + 3. Let p be (-1)/(-5) + ((-72)/20)/3. Let k(x) = x**2. Let f(u) = p*b(u) - 6*k(u). What is f(z)?
6
Suppose 3*m + 5 = -10. Let b(h) = 3*h**3 + 3*h**2 - 6*h - 6. Let l(u) = 7*u**3 + 5*u**2 - 11*u - 13. Let q(o) = m*b(o) + 2*l(o). What is q(-6)?
-8
Let u(z) = -7*z + 51. Let v(i) = 3*i - 26. Let f(o) = -2*u(o) - 5*v(o). Give f(0).
28
Let y(t) = -5*t**3 - t**2 - 2. Let n = 78 - 89. Let u(z) = -14*z**3 - 4*z**2 - 5. Let s(r) = n*y(r) + 4*u(r). Give s(-2).
-10
Let i(q) be the second derivative of -q**4/12 + 5*q**3/6 + 4*q**2 - q. Suppose -y = -0*y - 7. Suppose 6*o - y*o = -6. What is i(o)?
2
Let h(d) = 7*d - 1. Let v(c) = c - 1. Let n(m) = -h(m) + 6*v(m). Let r = -321 - -325. Give n(r).
-9
Suppose 2*u - 73 - 27 = 0. Suppose 9*m - u = 4*m. Let t(x) = x**2 - 12*x + 14. What is t(m)?
-6
Let m(y) = 6*y**2. Let w be (3 + 6/(-2) + 2)/(-2). What is m(w)?
6
Let x(l) = l**3 - 6*l**2 + l + 6. Let m = -732 + 737. Determine x(m).
-14
Suppose 10*w - 4 = 8*w. Let x(r) = 12 - 16 - w*r + 12. Determine x(6).
-4
Let a(i) = -22*i**3 - i**2 - 3*i - 1. Let z = -2 + 1. Determine a(z).
23
Let z(j) = j + 5. Suppose 0 = -i + l + 1, -4*i - 3 = 3*l - 21. Let d(g) = 4*g + 16. Let b(m) = i*d(m) - 10*z(m). Determine b(-2).
-6
Let h = -34 + 40. Let w(m) = -9 + 4 - 4*m + h + 7*m. Let o be (2/(-6))/(1/3). Determine w(o).
-2
Let z(f) be the third derivative of 7*f**4/24 - f**3/3 + 71*f**2 + 2. What is z(1)?
5
Suppose q = m - 5, 3*q + 15 = -m - 2*m. Let s be 3/1 - (m/4 - -5). Let t(b) = b**3 + 3*b**2 + 2*b + 2. Determine t(s).
2
Let f(b) be the first derivative of -b**2 + b - 90. Calculate f(-8).
17
Let d = 196 + -195. Let r(z) = 6*z - 1. What is r(d)?
5
Let a(c) = 4*c**3 + 2*c**2 - 2*c + 1. Let g be a(1). Let q(h) be the first derivative of -7*h - 1/2*h**2 - 18. What is q(g)?
-12
Let f(t) = 11 + 10 + t**2 - 4 - t + t**3 + 0. Determine f(0).
17
Suppose -3*n + 6*n = 0, 0 = 4*q - 2*n - 8. Let h(t) = -5*t + q*t**2 - 11*t + 15*t + 7*t**2. Determine h(1).
8
Let g(t) be the third derivative of 0 + 5*t**2 - 1/20*t**5 + 0*t - 1/360*t**6 + 7/6*t**3 + 1/3*t**4. Let z(a) be the first derivative of g(a). What is z(-6)?
8
Let u(b) be the third derivative of -b**5/30 - b**4/6 + 2*b**3/3 + 162*b**2. What is u(4)?
-44
Let n be (-30)/20*(-20)/3. Let f = n - 5. Let p(b) = b - 1. Calculate p(f).
4
Suppose -12 = -9*f - 3*f. Let z(y) = f + 3 - 1036*y + 1035*y. What is z(7)?
-3
Let x(k) = -k + 10. Suppose 4*q - 7 = u + 5*q, 2*u + q = -15. What is x(u)?
18
Let k be (-4 + 0)*(18/(-3) - 0). Let z = 30 - k. Let b(w) = w**3 - 6*w**2 - 2*w + 9. Give b(z).
-3
Let y(a) = 3*a - 4. Let h(s) = 1. Let f(l) = 5*h(l) + y(l). Determine f(-2).
-5
Let d(o) = -o - 5. Suppose -11*j + 10 = -6*j. Suppose j*l + 0*l = 32. Suppose 2*v + l = -2*v. Give d(v).
-1
Suppose 2*l - 51 - 31 = 0. Suppose 5*i - 11 = 3*d, -5*d = 4*i + 2 + l. Let s(g) = g**2 + 6*g - 8. What is s(d)?
-1
Let v = -3 - -5. Let l(m) = 1 - 2*m + 3*m - 2*m - 3*m**v + m**3. Suppose -2*x + 4*j = 0, 0*j = -5*x + j - 9. Determine l(x).
-17
Let l(r) = r + 10*r**2 - 5*r + 4*r + 0*r**2. Suppose 5*w = j + 3*w + 1, 0 = -5*w. What is l(j)?
10
Let p(b) = -6*b**3 - 8*b**2 - 2*b - 6. Let o(j) = -j**3 - j**2 - j - 1. Let c(s) = -5*o(s) + p(s). Let t be 14/4*12/21. Suppose 0*d + 6 = -t*d. Calculate c(d).
-10
Let b(c) be the second derivative of c**5/10 - c**4/4 - c**3/6 + c**2 + 2*c + 37. Suppose 0*v + 2 = v. Determine b(v).
4
Let i(q) = -5 - 2*q + 1 + q. Let k = 98 - 64. Let o = -37 + k. What is i(o)?
-1
Let h(n) = -n + 4. Suppose 19*d + 3 = 5*q + 15*d, 2*d = 6. Determine h(q).
1
Let i be 2/(-5) - (-4)/10. Suppose -2*k = 5*v - 10, -v + i*v + 2 = -k. Let s(c) = 8*c**3 + 3*c**2 - 3*c**3 + 1 - 6*c**3 - 2*c. Calculate s(v).
1
Let c(g) = 2*g**2 - 22*g - 16. Let v be c(12). Let q(h) = -2*h**2 + 18*h - 7. Calculate q(v).
9
Let n(p) = -2*p**2 - 9*p - 3. Let c(u) = u**2. Suppose 53*a = 49*a - 4. Let b(z) = a*n(z) - 3*c(z). Determine b(9).
3
Suppose 12*l - 2*b = 13*l + 16, -13 = 3*l - b. Let q(m) = -3*m**2 - 15*m. What is q(l)?
-18
Let k(j) be the second derivative of j**5/20 + j**4/6 + j**3/3 - 3*j. Let w be (-1 - 0) + (-8 - -11). Suppose w*a + 10 = -3*a. Determine k(a).
-4
Let c(g) = g**2 - g + 1. Let w(z) = 1. Let o(k) = -5*k**2 + 5*k + 2. Let s(b) = o(b) - 4*w(b). Let r(v) = -3*c(v) - s(v). What is r(4)?
23
Let m(a) = a**2 - 5*a - 5. Let t(i) = i**3 - 7*i**2 - 6*i - 10. Let h be t(8). Determine m(h).
1
Let v(l) = -6*l**3 - 5*l**2 - 23*l - 13. Let t(y) = -5*y**3 - 4*y**2 - 20*y - 12. Let p(o) = 7*t(o) - 6*v(o). What is p(-3)?
-9
Suppose 2*z = 6, 42*g - 41*g + 5*z - 23 = 0. Let n(l) = l**3 - 8*l**2 + l - 17. Give n(g).
-9
Let v(f) = 9*f - 8*f - 15 + 3 + 8 + 7. Determine v(2).
5
Let q(g) = -g**3 + 5*g**2 + 7*g - 13. Let b be (11 - 21)*(42/30 - 2). Give q(b).
-7
Let r(x) be the second derivative of -7*x**3/6 + x**2/2 - 9*x - 28. Let h(z) = -z**3 - 3*z**2 - 3*z - 1. Let w be h(-2). What is r(w)?
-6
Let i(d) = 8*d**3 + 2*d**2 + 26*d + 23. Let q(o) = 3*o**3 + o**2 + 9*o + 8. Let c(v) = -4*i(v) + 11*q(v). Suppose -5*n - 20 = -3*n. Let a = n + 6. What is c(a)?
0
Let l = 24 + -21. Suppose -l*d - 7 = -5*h + 34, 0 = -4*h + 5*d + 38. Let n(v) = h + v + 3 - 2*v. Give n(0).
10
Let i(a) be the third derivative of a**4/12 + a**3/2 + 13*a**2. Let f(q) = 5*q - 30. Let j be f(5). Calculate i(j).
-7
Suppose 0 = -0*m + 2*m. Suppose m*k = k. Let j(i) = -2*i + i**2 + k*i**2 - 2*i**2 - 2 - 2*i. Determine j(-6).
-14
Let g(o) be the first derivative of o**2/2 - 6*o + 271. Calculate g(-2).
-8
Let f = -844 + 850. Let a(g) be the third derivative of -g**6/120 + g**5/12 + g**4/3 - 2*g**2. Give a(f).
12
Let x(q) = 3*q + 6. Let o be x(3). Let z(g) = 3*g - 36. What is z(o)?
9
Let b(y) = -2*y - 2. Suppose -n + 0*n = 0. Suppose n*g + g = -2. Let i be (-84)/30 + g/10. Give b(i).
4
Let j(y) = -y + 2. Let c be j(7). Let u(r) be the third derivative of r**6/120 + r**5/10 + r**4/6 - r**3/6 - 18*r**2. Give u(c).
4
Let i(a) = a**3 + 6*a**2 - 7. Let c(z) = 7*z - 30. Let x be c(8). Let h be (-78)/x*(-5)/(-3). What is i(h)?
18
Let s(c) = 14*c**2 + 40*c - 22. Let y(x) = 5*x**2 + 14*x - 8. Let q(v) = -4*s(v) + 11*y(v). What is q(-5)?
5
Let l(i) = -2*i**2 - 7*i - 3. Let f be -2 - -10 - 11 - 1. Determine l(f).
-7
Let v(i) = 3*i**3 - 6*i**2 + 4*i - 3. Let a(p) = -2*p**3 + 7*p**2 - 5*p + 4. Let l = 121 - 125. Let t(s) = l*a(s) - 5*v(s). Give t(-1).
8
Let q(c) = 3*c**3 + 13*c**2 - 8*c - 26. Let r(j) = j**3 + 4*j**2 - 3*j - 9. Let v(g) = -3*q(g) + 8*r(g). Suppose -32*s = 31*s + 441. Calculate v(s).
6
Let j(c) be the second derivative of -c**3/3 - 5*c**2/2 + c. Let l = -13 + 13. Let k be 0 + l/(-3) + -5. Calculate j(k).
5
Let g be 6/(-5) - 4/(-20). Suppose -3*n + 10 = 2*j - 0*n, -5*j + 4*n = -25. Let q(l) = -3*l - 1 + j*l + 7*l**3 - 4*l. Determine q(g).
-6
Let j = -1965 - -1963. Let k(x) = 4*x**3 + 3*x**2 + x - 1. Give k(j).
-23
Let g(z) = z**3 + 5*z**2 + 3*z - 4. Let y be g(-2). Let l(u) = 7*u**2 - 4*u + 5 - 12*u**2 + 2*u**y + 2*u**2. Give l(-5).
0
Let y(o) be the third derivative of 0*o + 0*o**4 + 2*o**2 + 1/3*o**3 + 0 - 1/60*o**5. Suppose 0 = 5*m + 26*m - 93. What is y(m)?
-7
Let j(l) be the first derivative of l**5/20 - l**4/3 - 7*l**3/6 + 5*l**2/2 - 20*l - 16. Let m(a) be the first derivative of j(a). Determine m(5).
-5
Suppose -7*b + 32 = -3*g - 8*b, -2*b - 10 = 0. Let p(m) = -m + 12. What is p(g)?
21
Let j = 2095/84 - 174/7. Let r(n) be the third derivative of 0 + j*n**5 + 5*n**2 - 1/6*n**4 - 1/120*n**6 + 1/2*n**3 + 0*n. What is r(3)?
9
Let m(l) = -l - 19. Let v(a) = a**3 - 15*a**2 + 12*a + 23. Let j be v(14). Let k(f) = -f - 29. Let b(g) = j*k(g) + 7*m(g). Determine b(6).
0
Suppose -2*c + 16 = 6*c. Suppose -c*q = 20 - 22. Let b(o) = -10*o - 1. Determine b(q).
-11
Let q = 1/168 - -251/168. Le